(-3 - -3) + -6 + 8.
5
Calculate (2 - 8 - -9) + -11 + 13.
5
Evaluate -4 + (4 - 7) + 8.
1
Evaluate (-3 - (6 + 0)) + (0 - -4).
-5
(1 - 0) + -5 + 6
2
Evaluate (3 + -19 - -6) + 13.
3
(11 - 10) + 0 + -2 + -2
-3
What is the value of -1 + 3 - (21 + (7 - 18))?
-8
What is 14 + (2 - ((6 - -1) + 1))?
8
What is the value of -1 + (3 + -3 - 0) + 4?
3
Evaluate 2 + -5 - (-30 - -33).
-6
(6 - (-11 + 23)) + 13
7
3 - (-5 + 6 + 0)
2
Evaluate 0 - (6 + -5 + 2 + 0).
-3
What is the value of -5 - (7 - (-1 - (-8 - 0)))?
-5
What is the value of -1 + (-32 - -35) + (-8 - 1)?
-7
What is the value of -6 - (-2 - (6 + -5))?
-3
What is the value of 4 + (-8 - (-3 - 0)) + 0?
-1
What is the value of 8 + -1 + 84 + -92?
-1
What is (0 - 2) + -5 + 9?
2
Evaluate -5 + (-3 + -1 + 4 - -3).
-2
(-15 - -14) + -1 + 9
7
Calculate 1 - 12 - -11 - 7.
-7
(8 - 4) + -2 + 1
3
(3 - 3 - -6) + -1
5
What is 5 - 1 - 2 - 8?
-6
(-1 - 0) + 9 + -3
5
What is 1 + -3 + (0 - -3)?
1
What is the value of -1 + (16 - (-4 - -12)) + -14?
-7
Calculate -6 + 2 + 7 + -2.
1
Evaluate 6 - 7 - (-6 + -1).
6
What is the value of (-6 - (-1 - 1)) + 5 + -3?
-2
What is the value of -5 + (2 - (7 + -4)) - -1?
-5
What is the value of -9 + 2 + 8 + (-2 - 0)?
-1
What is -1 + (-3 - (0 - (-4 - -1)))?
-7
Calculate -1 + -1 + (-3 - 0).
-5
What is the value of -4 + (0 - -7) - 3?
0
Calculate -11 + 9 + 3 - 0.
1
Calculate 5 - 2 - -3 - 1 - 10.
-5
What is -5 + -8 + 18 - (-1 - -6)?
0
What is the value of 3 + 6 + (7 - (-9 - -19))?
6
What is the value of (-4 - 0) + -3 + 2 + 2?
-3
Calculate 3 - 1 - 2 - (-5 - -11).
-6
Calculate 4 + -3 + 3 - 7.
-3
Evaluate -2 - -2 - (-19 - -25).
-6
What is 3 - -2 - (-5 - -9)?
1
What is 16 + -15 + (-4 - -2 - 3)?
-4
Calculate 4 - 1 - (109 - 112).
6
Calculate -5 + -6 + 1 + -2 + 5.
-7
What is -1 - (-4 + 2 + 1)?
0
What is the value of 8 + -4 + (-8 - -5 - -5)?
6
What is the value of 1 + (7 - 13) + -1?
-6
What is 0 + 1 + 4 + -2 + -7?
-4
Evaluate 4 + (2 - 2) - 2.
2
What is the value of (0 - (-1 + 3)) + (2 - 0)?
0
Calculate -1 + -11 - (-65 - -54).
-1
What is the value of -1 + 3 - (-3 + 6 + 1)?
-2
Evaluate -2 + 12 - (7 - (-4 - -5)).
4
Evaluate 7 - (-8 - (0 + -25)).
-10
Evaluate (10 + 0 - 5 - 10) + 4.
-1
0 - (1 + 3) - (1 + -2)
-3
-1 + -2 + (-11 - (8 - 24))
2
(2 + -2 - 4) + (10 - -2)
8
6 + -10 + 1 + -1
-4
What is the value of 19 + -8 - (-2 + 23)?
-10
4 + 0 + -13 + 5
-4
(-18 + 12 - -2) + 6
2
What is the value of 0 - -3 - (10 + -7 + 0)?
0
Calculate (3 - (3 + -1)) + -5.
-4
Calculate (3 - (0 - (-2 - -1))) + -2.
0
-15 + 8 + -1 + 6
-2
What is -4 + 6 - -3 - 2?
3
6 + (0 + 1 + -7 - -3)
3
4 + -1 + (-12 - -6) + 6
3
What is the value of -3 + (-6 - -10) + 0 + -1?
0
Calculate 4 + 0 + -5 - -6.
5
Calculate 12 - 3 - (9 - 3).
3
What is the value of (-10 - -2) + 13 + 2 + -5?
2
What is 2 - ((1 - -6) + 2 + -2)?
-5
2 + 11 - (39 - 33)
7
Calculate 2 + -7 + 6 + -3 + 3.
1
What is the value of -2 + 8 - (-1 + (-2 - -8))?
1
Calculate 194 + -202 - (-1 + -7).
0
What is -4 - (-18 - (4 - (3 - -6)))?
9
-5 + 4 + -4 - -5 - 7
-7
Calculate -4 - (-1 + 5 + (4 - 7)).
-5
What is the value of -6 + -8 + 15 + (0 - 3)?
-2
Calculate -31 + 11 + 17 + 0 + -4.
-7
(-21 - -7) + 11 - 6
-9
What is the value of 10 + (0 + 3 - 7)?
6
What is the value of (3 - -2) + (7 - 7)?
5
What is (-13 - -8) + 11 + (1 - 1)?
6
Evaluate (7 - -1) + (10 - 10) + -3.
5
What is (-2 - 0) + 4 + -2 + 7?
7
What is (-3 - -3) + 11 + -6?
5
What is the value of -1 - (-6 - -9) - 1?
-5
What is the value of 0 + 0 + 2 + -53 + 46?
-5
-1 + 2 - (1 + 0) - -5
5
4 + 4 + -4 + -4 - -5
5
What is the value of 56 + -49 - (1 - -5)?
1
Calculate -4 - (1 - (-4 - -11)).
2
-6 + 5 + -6 + 7
0
What is the value of 3 - 4 - -3 - (-1 - -1)?
2
Calculate -3 + (-9 + 5 - (2 + -8)).
-1
What is the value of (2 - 0) + 2 - 1?
3
Calculate (19 - 4) + -9 - (5 + 0).
1
What is the value of -6 + 7 + -2 + 3 + 2?
4
What is -4 - (0 + -3 + -5 - -3)?
1
4 + (2 + -3 - -2)
5
Evaluate (-17 - (-1 + -5)) + 9.
-2
What is the value of 1 - (6 - (-4 + 5 + -3))?
-7
Calculate 3 + 4 + (5 - 17) + 4.
-1
What is (13 - -2) + 4 + -10?
9
3 + (-1 - -1 - (-4 - -6))
1
What is 1 + (-5 - -1) - (-2 + 2)?
-3
-11 - (-3 - -1) - -10
1
What is the value of -2 + (-2 - -1) + -1?
-4
2 + (1 - (4 + -1)) - 2
-2
Calculate (2 - 9) + (-1 + 3 - -3).
-2
Evaluate (-12 - -6 - -4) + 10.
8
Evaluate (1 - (-2 - (-6 + 3))) + 2.
2
What is the value of -5 + (3 + -5 - -4) - -8?
5
Calculate -10 + -12 + 10 + 7.
-5
What is the value of (-5 - -1) + (-4 - -5) + 3?
0
What is -13 + 9 + (-2 - -10)?
4
Evaluate -5 + (3 - 10 - -6).
-6
-4 + 3 + -3 + 1
-3
-1 - (9 + (-13 - -1))
2
What is the value of -1 + -3 + 34 + -30?
0
What is the value of 5 + (6 + -5 - 1)?
5
What is the value of 8 - (-1 + 4) - 1 - -1?
5
Calculate -2 + 0 + 3 + -7 + 2.
-4
Calculate -2 - ((0 - 9) + 13 + -11).
5
-10 + 1 + 179 + -171
-1
Calculate (-13 - -1) + 8 + 10.
6
Evaluate -4 - (-1 + -4 + (1 - -1)).
-1
What is the value of (0 + 5 - 0) + -9?
-4
Evaluate -13 - (-1 - -2) - -9.
-5
What is the value of (-1 - -2) + -48 + 41 + 2?
-4
Calculate 9 + 0 + (-41 - -26).
-6
What is 6 + -3 + 3 + -5?
1
Evaluate 3 + -1 + (0 - 5).
-3
Calculate 6 - (2 + 10 + -2 - 0).
-4
68 - 69 - (0 + -6)
5
What is the value of -36 + 37 - (-5 + 1)?
5
What is 5 + (8 - (0 - -11))?
2
Calculate -3 + (-1 - -3) + 2.
1
Calculate -4 + -13 + (5 - (-7 - -5)).
-10
-2 - (-2 + -4) - 5
-1
Calculate 4 + -1 - (-23 + 6 + 14).
6
-3 - (-1 + (0 + -2 - -5))
-5
Calculate (-12 - 1) + 56 + -45.
-2
What is the value of -6 + -3 + 1 - -5?
-3
1 + -1 + (0 - 2)
-2
What is the value of -7 - -6 - (-5 + 1)?
3
Evaluate (7 - 5) + -7 - (1 + -6).
0
What is 1 + (2 - 2) - (-7 + 6)?
2
Evaluate (22 + -12 - 9) + 4.
5
What is 1 + 0 - (7 - 7)?
1
What is the value of -4 - (1 - -2 - (41 - 35))?
-1
What is 10 - 7 - 9 - (2 - 1)?
-7
(16 - 11) + -12 - -2
-5
Evaluate -1 - -1 - (1 - -4).
-5
Calculate -27 + 21 - (-1 - -3).
-8
4 - (0 + (10 - 5))
-1
2 - -7 - (4 + -8 + 10)
3
What is -6 + 3 + -4 + 5?
-2
Evaluate 3 + (-1 - -1 - 5).
-2
Calculate -6 - -5 - (0 + 4 - 4).
-1
5 - (-1 - -9) - -5
2
What is 14 + (1 - 8) - (2 - -1)?
4
-2 + 8 - (0 + -5 + 6)
5
What is -3 + -4 + 10 - 6?
-3
What is 2 - 15 - (5 - 14)?
-4
What is the value of 1 + -8 + 0 + 6?
-1
(-1 - -1) + -1 - (0 + -5)
4
Calculate 0 - 0 - (-1 + 2 + -3).
2
What is the value of (1 - 3) + (6 - (-3 - -1))?
6
What is the value of 3 + -2 + 3 + 0 + -3?
1
Evaluate 3 + -2 - (-1 + 0).
2
Evaluate -10 + 2 + (8 - 4).
-4
Evaluate (-6 + 3 - -1 - 1) + 1.
-2
Calculate 4 + (4 + -2 - 0 - 3).
3
What is the value of 2 + -1 - (0 - (0 + 0))?
1
6 + -10 + 4 - -1
1
What is the value of 0 + 9 - (23 + -19) - 2?
3
Evaluate 8 - (5 + -9 + 12).
0
Evaluate (9 - 0) + (-4 - (-6 - -3)).
8
What is 1 - 6 - (-8 - (-2 + -1))?
0
What is the value of 5 + -1 + -5 + (2 - 2)?
-1
Calculate 0 + (6 - (-2 - (-10 + 4))).
2
Evaluate 12 + -6 + 1 + -5.
2
What is the value of -1 + (8 - (9 - 1))?
-1
-1 + 0 - (-9 - -1 - -10)
-3
What is (8 - -13) + -11 - 17?
-7
Calculate (-5 - -1) + 2 - (-7 - -4).
1
What is 0 - (-1 + 0 + (-5 - -11))?
-5
What is the value of -1 + -4 + -21 + (-15 - -36)?
-5
Evaluate 8 + -4 + -4 + 3.
3
Evaluate 3 - 5 - (3 + (-10 - 0)).
5
Calculate (1 - 1) + 3 + 0.
3
What is the value of -5 - (-11 - (-17 - -8))?
-3
What is the value of (10 - 3 - 2) + -3?
2
What is the value of -7 - 1 - (-8 - -3)?
-3
Evaluate -10 - (2 + -5) - (32 - 37).
-2
Evaluate 3 - (-5 + -1 + 10).
-1
(5 + -3 - 7) + 3 - -8
6
2 + (3 - -1) + (11 - 12)
5
What is the value of 14 + (-14 - (1 + -1))?
0
Evaluate 5 + (-1 - -2) + -2.
4
Calculate 2 - -1 - (5 + -5).
3
What is 0 + -5 - (-20 + 17)?
-2
What is (-5 - (3 + -1 + -4)) + 2?
-1
-8 + (-4 - -4) + 4
-4
What is the value of -1 - (3 - 4) - 2?
-2
What is 2 - (-6 - -26 - 13)?
-5
What is the value of -8 - -7 - -4 - (-1 + 0)?
4
Calculate 2 + (-5 - (10 - 5 - 4)).
-4
Evaluate (11 + 0 - 6) + -3 + 1.
3
What is 4 + 5 + -2 - 5?
2
16 - 15 - (-2 + 2)
1
Calculate -4 - (-1 + -2 + (-2 - -7)).
-6
What is the value of 0 + (1 - 3) + (5 - 7)?
-4
What is the value of -4 - ((0 - -1) + 19 + -24)?
0
What is the value of 4 + (4 - 12) + -1 + 1?
-4
Evaluate -1 + -3 + (4 - 2).
-2
What is 5 + -4 + 1 - (5 + -2)?
-1
What is (-2 - 1 - (10 - 16)) + -6?
-3
Evaluate (-3 - -5) + 6 + -6.
2
What is the value of (19 + -19 - -5) + -1 + 4?
8
Calculate 2 + -6 + 5 + 2.
3
What is 7 - (-1 - -12 - (-64 + 67))?
-1
-9 + 7 + 1 + 4
3
What is -1 + 4 + (-6 - (2 + -10))?
5
What 